11677
List the prime factors of 46259077.
46259077
What are the prime factors of 180371985?
3, 5, 53, 97, 2339
What are the prime factors of 140534580?
2, 3, 5, 17, 29, 4751
List the prime factors of 133419398.
2, 7, 9529957
What are the prime factors of 619224181?
619224181
List the prime factors of 1360244440.
2, 5, 1061, 32051
What are the prime factors of 35230947?
3, 467, 25147
What are the prime factors of 2149076770?
2, 5, 59, 89, 40927
List the prime factors of 1838718315.
3, 5, 7, 5837201
List the prime factors of 621801676.
2, 19, 8181601
What are the prime factors of 104982207?
3, 11, 569, 5591
What are the prime factors of 224884095?
3, 5, 19, 789067
List the prime factors of 197329220.
2, 5, 11, 73, 1117
What are the prime factors of 384078430?
2, 5, 1031, 37253
What are the prime factors of 1416543041?
1416543041
What are the prime factors of 56198321?
1987, 28283
What are the prime factors of 27247329?
3, 41, 1801
List the prime factors of 184187288.
2, 67, 113, 3041
List the prime factors of 1733935327.
47, 5309, 6949
List the prime factors of 1359668406.
2, 3, 61, 283, 13127
What are the prime factors of 112693671?
3, 12521519
List the prime factors of 126212205.
3, 5, 7, 29, 181, 229
What are the prime factors of 80673244?
2, 29, 47, 14797
List the prime factors of 3570566130.
2, 3, 5, 29, 59, 131
List the prime factors of 2804386260.
2, 3, 5, 13, 3595367
What are the prime factors of 1456863909?
3, 17, 487, 58657
List the prime factors of 205531243.
23, 8936141
List the prime factors of 33698998.
2, 17, 991147
List the prime factors of 132250590.
2, 3, 5, 489817
List the prime factors of 155906833.
6883, 22651
What are the prime factors of 2771352566?
2, 1385676283
List the prime factors of 69628382.
2, 277, 125683
List the prime factors of 328728184.
2, 17, 2417119
List the prime factors of 111014160.
2, 3, 5, 83, 5573
What are the prime factors of 1053488265?
3, 5, 113, 621527
What are the prime factors of 968323394?
2, 61, 103, 263, 293
What are the prime factors of 160956973?
160956973
What are the prime factors of 98749272?
2, 3, 653, 6301
What are the prime factors of 103802548?
2, 19, 101, 13523
List the prime factors of 67074419.
29, 281, 8231
What are the prime factors of 41093349?
3, 11, 997, 1249
List the prime factors of 16205658.
2, 3, 7, 17, 22697
What are the prime factors of 2663509519?
11, 242137229
What are the prime factors of 2741759306?
2, 11, 13, 79, 121349
List the prime factors of 49148021.
13, 1193, 3169
List the prime factors of 564032527.
127, 643, 6907
List the prime factors of 16121195.
5, 3224239
What are the prime factors of 12517083?
3, 17, 23, 3557
List the prime factors of 2920968889.
2920968889
What are the prime factors of 4719638133?
3, 7, 19, 3942889
What are the prime factors of 1315751010?
2, 3, 5, 7, 6265481
What are the prime factors of 2390910249?
3, 7, 13, 29, 301997
List the prime factors of 385493167.
385493167
List the prime factors of 312099876.
2, 3, 11, 827, 953
List the prime factors of 39129880.
2, 5, 349, 2803
List the prime factors of 47629686.
2, 3, 13, 409, 1493
What are the prime factors of 21366682?
2, 10683341
List the prime factors of 3026032320.
2, 3, 5, 3152117
List the prime factors of 384763649.
463, 831023
List the prime factors of 40333612.
2, 11, 397, 2309
What are the prime factors of 5064331319?
5064331319
List the prime factors of 23201501.
23201501
What are the prime factors of 2319589819?
73, 1297, 24499
What are the prime factors of 3995996?
2, 179, 5581
What are the prime factors of 95620920?
2, 3, 5, 17, 19, 2467
List the prime factors of 3906924036.
2, 3, 16651, 19553
What are the prime factors of 20097504?
2, 3, 7, 3323
What are the prime factors of 130332328?
2, 7, 151, 15413
What are the prime factors of 2241290290?
2, 5, 43, 5212303
What are the prime factors of 673519566?
2, 3, 17, 859, 7687
List the prime factors of 156527834.
2, 23, 37, 91967
What are the prime factors of 208727139?
3, 17, 23, 177943
What are the prime factors of 1090313838?
2, 3, 73, 276589
List the prime factors of 2046158062.
2, 13, 23, 3421669
What are the prime factors of 87900249?
3, 73, 401371
List the prime factors of 56410707.
3, 71, 264839
List the prime factors of 4461586.
2, 23, 4217
List the prime factors of 1863522371.
17, 109618963
List the prime factors of 42240908.
2, 10560227
List the prime factors of 287465694.
2, 3, 47910949
List the prime factors of 34782821.
73, 476477
What are the prime factors of 169128434?
2, 1277, 66221
What are the prime factors of 6644786483?
41, 162067963
What are the prime factors of 432714073?
11, 17, 67, 34537
List the prime factors of 47309281.
157, 301333
What are the prime factors of 1140018435?
3, 5, 8444581
What are the prime factors of 1866024158?
2, 271, 3442849
List the prime factors of 279070483.
157, 947, 1877
What are the prime factors of 50273268?
2, 3, 47, 89137
List the prime factors of 18593624.
2, 7, 547, 607
What are the prime factors of 293527153?
257, 1142129
What are the prime factors of 277325913?
3, 17, 863, 6301
List the prime factors of 5808123093.
3, 23, 84175697
List the prime factors of 1158679540.
2, 5, 17, 3407881
List the prime factors of 8622943534.
2, 89, 48443503
What are the prime factors of 1293617413?
11, 19, 29, 19403
List the prime factors of 82321466.
2, 1877, 21929
List the prime factors of 14406155.
5, 151, 19081
What are the prime factors of 154969761?
3, 587, 88001
What are the prime factors of 447655166?
2, 7, 47, 680327
What are the prime factors of 54614033?
31, 101, 17443
What are the prime factors of 54827835?
3, 5, 29, 126041
List the prime factors of 240720514.
2, 5683, 21179
List the prime factors of 259511720.
2, 5, 13, 29, 17209
What are the prime factors of 151478326?
2, 421, 179903
List the prime factors of 2927454325.
5, 41, 751, 3803
List the prime factors of 5357970408.
2, 3, 7, 1619, 19699
What are the prime factors of 62315954?
2, 29, 109, 9857
What are the prime factors of 205162054?
2, 139, 569, 1297
What are the prime factors of 46361820?
2, 3, 5, 772697
What are the prime factors of 2626232795?
5, 525246559
What are the prime factors of 117128363?
11, 968003
List the prime factors of 1610819641.
9281, 173561
List the prime factors of 4149758537.
569, 7293073
List the prime factors of 2742739701.
3, 13, 149, 36307
List the prime factors of 356558688.
2, 3, 1238051
List the prime factors of 1971925198.
2, 985962599
What are the prime factors of 467396357?
353, 1324069
List the prime factors of 1536882007.
41, 61, 179, 3433
List the prime factors of 25989759.
3, 43, 67157
What are the prime factors of 106838412?
2, 3, 8903201
List the prime factors of 24318090.
2, 3, 5, 90067
List the prime factors of 993143069.
1301, 763369
List the prime factors of 64730443.
64730443
List the prime factors of 387639909.
3, 571, 75431
List the prime factors of 2697713968.
2, 168607123
What are the prime factors of 3849474279?
3, 7, 183308299
List the prime factors of 3724480181.
887, 4198963
List the prime factors of 2154464158.
2, 7, 11, 379, 36913
What are the prime factors of 3363469296?
2, 3, 11, 6370207
What are the prime factors of 48194260?
2, 5, 19, 126827
List the prime factors of 40509946.
2, 17, 23, 51803
List the prime factors of 426055.
5, 7, 37, 47
List the prime factors of 443722840.
2, 5, 11, 31, 32531
What are the prime factors of 61609904?
2, 17, 83, 2729
What are the prime factors of 2116522766?
2, 37, 1163, 24593
What are the prime factors of 304154318?
2, 13, 19, 41, 15017
List the prime factors of 406741889.
71, 5728759
List the prime factors of 131869724.
2, 7, 53, 88861
What are the prime factors of 2135814819?
3, 151, 4714823
List the prime factors of 15565311.
3, 576493
List the prime factors of 32262752.
2, 257, 3923
What are the prime factors of 15833988?
2, 3, 271, 541
What are the prime factors of 41557246?
2, 20778623
List the prime factors of 141907966.
2, 70953983
What are the prime factors of 183476606?
2, 91738303
List the prime factors of 34767054.
2, 3, 7, 275929
List the prime factors of 2376939.
3, 359, 2207
What are the prime factors of 31768520?
2, 5, 7, 23, 4933
What are the prime factors of 2704546913?
109, 24812357
What are the prime fa